ber?
True
Is 890213 a prime number?
False
Is 2119 composite?
True
Is 64271 prime?
True
Is 908443 prime?
False
Is 1151 composite?
False
Is 70271 prime?
True
Is 8887 prime?
True
Is 129205 composite?
True
Is 857135 a prime number?
False
Is 184409 prime?
True
Is 10883 a composite number?
False
Is 223 prime?
True
Is 494185 a prime number?
False
Is 3390943 a composite number?
True
Is 5167 composite?
False
Is 1102107 a composite number?
True
Is 3607 prime?
True
Is 55243 a composite number?
False
Is 12437 composite?
False
Is 104477 prime?
False
Is 90121 prime?
True
Is 44159 a prime number?
True
Is 5347 composite?
False
Is 11335 a prime number?
False
Is 361105 prime?
False
Is 71119 prime?
True
Is 68435 composite?
True
Is 108757 a composite number?
True
Is 5333 a composite number?
False
Is 169 prime?
False
Is 55723 composite?
True
Is 8609 prime?
True
Is 396293 prime?
True
Is 947407 a prime number?
True
Is 136111 composite?
False
Is 441169 composite?
False
Is 22299 a prime number?
False
Is 565 a prime number?
False
Is 39433 prime?
False
Is 226271 a prime number?
False
Is 3174527 a composite number?
True
Is 215653 prime?
True
Is 56659 prime?
True
Is 5141 a composite number?
True
Is 551 composite?
True
Is 30539 a prime number?
True
Is 1543 composite?
False
Is 27203 a composite number?
True
Is 600478 a prime number?
False
Is 162343 a prime number?
True
Is 25741 a prime number?
True
Is 159737 a composite number?
False
Is 19091 a composite number?
True
Is 29779 a composite number?
True
Is 5969 prime?
False
Is 54427 a prime number?
False
Is 1139 prime?
False
Is 1185937 prime?
False
Is 65677 composite?
False
Is 30427 a prime number?
True
Is 297083 a composite number?
False
Is 170299 prime?
True
Is 49711 a composite number?
False
Is 581459 a composite number?
False
Is 20317 a composite number?
True
Is 61837 composite?
False
Is 270905 composite?
True
Is 1063813 a prime number?
True
Is 5747 prime?
False
Is 55617 composite?
True
Is 307177 a prime number?
False
Is 29407 prime?
False
Is 124789 composite?
True
Is 29831 a composite number?
True
Is 801179 prime?
True
Is 2609 a composite number?
False
Is 4265 prime?
False
Is 402621 a prime number?
False
Is 29993 a composite number?
True
Is 41011 a composite number?
False
Is 1277977 a prime number?
False
Is 151595 a prime number?
False
Is 126869 a composite number?
True
Is 40459 prime?
True
Is 31579 composite?
True
Is 37139 a composite number?
False
Is 121391 composite?
True
Is 186769 prime?
False
Is 31681 a composite number?
True
Is 2629 composite?
True
Is 222511 prime?
True
Is 8816563 a composite number?
True
Is 20861 a prime number?
False
Is 33809 composite?
False
Is 769661 prime?
True
Is 1287295 a composite number?
True
Is 743777 a prime number?
True
Is 761381 a prime number?
True
Is 15757 a prime number?
False
Is 667 a prime number?
False
Is 1009811 prime?
False
Is 13259 composite?
False
Is 1694591 a composite number?
True
Is 6449 a prime number?
True
Is 1726471 prime?
True
Is 340211 a composite number?
False
Is 674783 composite?
True
Is 2721241 prime?
False
Is 218013 prime?
False
Is 7231 a prime number?
False
Is 7081 composite?
True
Is 469 a composite number?
True
Is 19177 a composite number?
True
Is 885767 prime?
False
Is 863 prime?
True
Is 8002 prime?
False
Is 51549 a prime number?
False
Is 94183 a composite number?
True
Is 10183 a composite number?
True
Is 2201 a prime number?
False
Is 32063 prime?
True
Is 81251 a composite number?
True
Is 93851 prime?
True
Is 94771 a prime number?
True
Is 481511 a prime number?
False
Is 52837 a prime number?
True
Is 26905 composite?
True
Is 207227 a composite number?
False
Is 15297 a composite number?
True
Is 61702 a composite number?
True
Is 164809 a composite number?
False
Is 17837 a prime number?
True
Is 38543 a composite number?
False
Is 2893 prime?
False
Is 1126 prime?
False
Is 11003 prime?
True
Is 9979 prime?
False
Is 20245 a prime number?
False
Is 5297 composite?
False
Is 831139 prime?
True
Is 391373 composite?
False
Is 53698 a prime number?
False
Is 63299 prime?
True
Is 116239 a prime number?
True
Is 6803 a composite number?
False
Is 478139 a prime number?
True
Is 33691 composite?
True
Is 802381 composite?
True
Is 4889 prime?
True
Is 41434 a composite number?
True
Is 2622511 composite?
False
Is 959359 a composite number?
True
Is 12841 prime?
True
Is 295237 composite?
False
Is 15493 a prime number?
True
Is 838333 prime?
False
Is 276239 prime?
True
Is 18665 composite?
True
Is 9143 prime?
False
Is 381427 a composite number?
True
Is 17855 composite?
True
Is 128569 a composite number?
True
Is 1274041 a composite number?
False
Is 49453 a composite number?
True
Is 43057 composite?
True
Is 30181 a composite number?
False
Is 6443 composite?
True
Is 14939 prime?
True
Is 92437 composite?
True
Is 2226041 prime?
True
Is 15891 prime?
False
Is 132191 composite?
True
Is 299 prime?
False
Is 5009 composite?
False
Is 164413 a prime number?
True
Is 1693 a prime number?
True
Is 661361 a composite number?
False
Is 47555 a composite number?
True
Is 476279 a prime number?
True
Is 2591 prime?
True
Is 2017 a composite number?
False
Is 3641 a composite number?
True
Is 266239 composite?
False
Is 441661 prime?
False
Is 34366 a composite number?
True
Is 3433 prime?
True
Is 66667 composite?
True
Is 1719897 prime?
False
Is 7867 a composite number?
False
Is 948457 composite?
False
Is 35137 a composite number?
True
Is 37337 prime?
True
Is 29917 composite?
False
Is 375721 a prime number?
False
Is 882377 a composite number?
False
Is 5381 composite?
False
Is 2921 composite?
True
Is 1318634 prime?
False
Is 412457 a composite number?
False
Is 363854 composite?
True
Is 153443 prime?
True
Is 538 prime?
False
Is 127637 a composite number?
False
Is 3557 a composite number?
False
Is 1637 composite?
False
Is 603989 prime?
True
Is 21697 prime?
False
Is 26177 composite?
False
Is 14533 a prime number?
True
Is 60589 a composite number?
False
Is 60271 prime?
True
Is 17807 composite?
False
Is 137339 a composite number?
False
Is 215 a composite number?
True
Is 7177 composite?
False
Is 332693 a prime number?
False
Is 7477 a prime number?
True
Is 52051 prime?
True
Is 10174 prime?
False
Is 142847 a composite number?
True
Is 699605 composite?
True
Is 47219 prime?
False
Is 83497 a prime number?
True
Is 539335 composite?
True
Is 219007 prime?
False
Is 1419233 a prime number?
True
Is 29327 a prime number?
True
Is 29917 composite?
False
Is 115301 a prime number?
True
Is 89785 a prime number?
False
Is 3746 a prime number?
False
Is 34949 composite?
False
Is 113647 composite?
False
Is 121405 composite?
True
Is 104863 a composite number?
True
Is 5555747 a prime number?
True
Is 8951 a prime number?
True
Is 25703 prime?
True
Is 288461 composite?
False
Is 125915 a prime number?
False
Is 10477 composite?
False
Is 798767 a composite number?
True
Is 7613 prime?
False
Is 11027 a composite number?
False
Is 34829 a composite number?
True
Is 109493 composite?
True
Is 5207 composite?
True
Is 48651 a composite number?
True
Is 2194909 a prime number?
False
Is 43151 a prime number?
True
Is 25139 prime?
False
Is 65597 a composite number?
True
Is 14395 a prime number?
False
Is 226301 prime?
False
Is 11071 a prime number?
True
Is 4763 a prime number?
False
Is 8633 a composite number?
True
Is 100463 composite?
True
Is 4711 composite?
True
Is 2095 a composite number?
True
Is 1973 composite?
False
Is 32393 a composite number?
True
Is 36959 prime?
False
Is 68099 composite?
False
Is 894797 prime?
False
Is 754417 composite?
False
Is 115051 a prime number?
False
Is 11819 a prime number?
False
Is 604589 a composite number?
False
Is 14971 prime?
False
Is 24049 prime?
True
Is 49483 composite?
True
Is 3611 composite?
True
Is 39313 composite?
False
Is 22963 prime?
True
Is 44537 a prime number?
True
Is 8095 composite?
True
Is 4897 composite?
True
Is 162667 composite?
True
Is 1795 a composite number?
True
Is 100999 prime?
True
Is 51523 a composite number?
True
Is 37039 composite?
False
Is 473 a composite number?
True
Is 243743 composite?
True
Is 87 a prime number?
False
Is 3943 a prime number?
True
Is 7769 prime?
False
Is 99901 prime?
True
Is 556513 composite?
False
Is 53087 prime?
True
Is 91367 a composite number?
False
Is 314441 a composite number?
False
Is